242 and m.
22
Suppose 0 = 4*v - 5*p - 1275, -802 = -2*v + 2*p - 166. What is the highest common divisor of v and 63?
63
Suppose -4*q + 5*n = -0*q + 11, -3*q + 3*n - 6 = 0. Suppose -q = 5*k - 26. What is the highest common divisor of k and 35?
5
Suppose m - 10 = -b + 2*m, 4*m = -3*b + 2. Suppose -b = -n + 4. Calculate the greatest common factor of n and 40.
10
Let f be 6/8 + 131985/420. Calculate the greatest common divisor of 18 and f.
9
Let b = 144 - 48. Let k be ((-45)/(-6))/(3/b). Calculate the greatest common factor of 30 and k.
30
Let x = -42 + 36. Let n(a) = -a**3 - 6*a**2 - 2*a - 7. Let m be n(x). What is the highest common divisor of m and 15?
5
Let l(p) = 2*p**2 + 3*p - 2. Let b(i) = -i**3 - 5*i**2 + 4. Let j be b(-5). Suppose j*s - 8 = 4. Let m be l(s). What is the greatest common factor of 5 and m?
5
Let h be ((-1)/(-3) + (-790)/(-60))*30. Calculate the greatest common divisor of 45 and h.
45
Let j = 4 - -12. Suppose 13*l + 1395 = 3683. Calculate the highest common divisor of l and j.
16
Let l(y) = -y**3 - 13*y**2 - 8*y - 8. Let t(o) = -o**2 + 4*o + 8. Let j be t(7). Let q be l(j). Let x = 37 - 25. What is the highest common factor of x and q?
12
Suppose -14*z + 3*x = -17*z + 393, 0 = -3*z + 2*x + 398. What is the highest common factor of 165 and z?
33
Suppose -116 = 20*c - 24*c. Suppose -c*l = -26*l - 72. What is the highest common factor of l and 3?
3
Let c be (-3)/(-6) - (-2515)/10. Calculate the greatest common divisor of 189 and c.
63
Let y(a) = 2*a**2 - 5*a + 2. Let i be y(4). What is the greatest common factor of i and 77?
7
Let h = 1991 - 1562. What is the highest common divisor of 156 and h?
39
Let s = -13 - -55. Let h be 1/(((-15)/(-18))/5). Calculate the highest common divisor of h and s.
6
Let w be (-2)/(-5) + (-10208)/(-80). Calculate the highest common factor of w and 48.
16
Suppose -5*p = i - p + 8, -3*i = 3*p - 3. Suppose 2*k + 1 = 5. What is the highest common divisor of k and i?
2
Let i(p) = 4*p + 2*p**2 - 6 + 8 - 5. Let k be i(9). Calculate the highest common factor of 78 and k.
39
Let j = -28 + 78. Suppose 3*p - u - 15 = 0, -2*p + 5*p = -3*u + 15. Suppose -p*t - 5 = -j. Calculate the highest common divisor of t and 72.
9
Let n be 141/11 - -12*(-2)/(-132). Let m(o) = 2*o + 3. Let a be m(5). What is the greatest common factor of a and n?
13
Let p be 1/(-4) + (-137)/(-4). Suppose -20*v = -3*x - 25*v + 61, -v = -x + 15. Calculate the greatest common factor of p and x.
17
Let p = 10 - 5. Suppose 0 = -p*y + 3*y - 42. Let t be y*(-7)/(105/10). Calculate the highest common factor of t and 126.
14
Let r be 9/(-9) - 10/(-2). Suppose -r*o = -o - 15. Let q(y) = 2*y**2 - y - 3. Let f be q(4). Calculate the highest common factor of f and o.
5
Let p = 664 - 620. Calculate the highest common factor of p and 16.
4
Suppose -41 = -3*y + d, 2*y = -5*d + 18 - 2. Let n be 106/2 + 0 - 1. Calculate the greatest common divisor of n and y.
13
Let a = -1 + 8. Suppose a - 79 = -4*c. Let q = -1 + 3. What is the highest common divisor of q and c?
2
Let i(u) = u + 5. Let l be i(1). Let p be (204/9)/2*9/l. Suppose -123 = -c + b, 0 = 4*c - b + 5*b - 460. What is the greatest common divisor of c and p?
17
Let p be (-10)/(-1*(-1)/(-3)). Suppose p*k - 32 = 26*k. Calculate the greatest common divisor of 88 and k.
8
Suppose 28*s - 123 = 129. What is the highest common divisor of s and 351?
9
Suppose 5*x - 580 + 80 = 0. What is the greatest common factor of x and 60?
20
Let v = -1014 - -1046. Calculate the highest common factor of 368 and v.
16
Suppose 5*h + 4*c = 19, -2*h = c - 10 - 0. Suppose 132 = -h*a + 559. Suppose -7*x = a - 733. Calculate the greatest common divisor of 12 and x.
12
Suppose 9*m = 2*m - 399. Let h = 153 + m. What is the greatest common divisor of 6 and h?
6
Let a be (20/40)/(2/8). Suppose 0 = -3*k + 2*z + 36, -5*k - a*z = -10*k + 60. What is the greatest common divisor of k and 3?
3
Suppose 2*q - 2 = 22. Let w be (3/(q/496))/1. Suppose 2*o = 46 + w. Calculate the highest common divisor of o and 17.
17
Let b = 265 + -177. Let w = 70 + -184. Let y = 122 + w. Calculate the highest common factor of y and b.
8
Let c = -290 - -442. What is the highest common factor of c and 19?
19
Let x(a) = -2*a + 73. Let f be x(-22). Calculate the highest common divisor of f and 195.
39
Let i(z) = z**2 + z - 4. Let a be i(0). Let o be (-14)/21*150/a. Calculate the highest common divisor of o and 50.
25
Let k be (14*14/(-20))/((-2)/10). What is the greatest common factor of k and 7?
7
Let n(o) = o**3 - 11*o**2 + 27*o - 5. Let q be n(8). What is the greatest common divisor of 247 and q?
19
Suppose y + y = 5*s + 124, 0 = 4*y + s - 226. Suppose d = -2*d + y. What is the greatest common divisor of 171 and d?
19
Let f be 6/(-27) - 460/(-45). Let b be (((-8)/3)/(-4))/(f/210). What is the greatest common factor of b and 42?
14
Let t be (688/(-12))/((-3)/9). Let c = t - 70. What is the greatest common divisor of c and 17?
17
Suppose -u + 307 = r, -2*r - 5*u + 467 = -156. Calculate the highest common divisor of 95 and r.
19
Let n(v) = -v + 14. Let i = -25 + 34. Let m be n(i). Calculate the highest common divisor of m and 15.
5
Suppose 278 = 19*i - 7. Let s(h) be the second derivative of 34*h**4/3 - h**2/2 - h. Let o be s(-1). What is the highest common factor of i and o?
15
Suppose -4*b + 177 = z - 0*z, 0 = b + z - 48. Let q = -19 + b. Calculate the greatest common factor of q and 168.
24
Let q(l) = -l**2 + 5*l + 2. Let t be q(9). Let b = 82 + t. Calculate the highest common factor of 6 and b.
6
Suppose -20*d = -0*d - 7600. What is the greatest common factor of d and 95?
95
Suppose -3*b + 1381 = 5*j, 2 = 4*b - 6. What is the highest common divisor of j and 25?
25
Suppose -1188 = 52*s - 61*s. Calculate the highest common factor of s and 72.
12
Let t = 2370 + -2030. What is the greatest common factor of t and 136?
68
Let a be 44 - (0/2 - 1). Let o(p) = -3*p**2 + 6*p - 8. Let d be o(3). Let w = 26 + d. What is the greatest common factor of w and a?
9
Suppose 0 = 4*k - 4, 7*f - k - 9 = 2*f. Let j(c) = -1 - 12*c + 23*c + 11*c**f - 8 - c**3. Let b be j(11). What is the highest common divisor of 14 and b?
14
Let d(q) = 3*q**2 - 2*q + 7. Suppose 8*y + 2 = 26. Let g be d(y). What is the highest common divisor of 28 and g?
28
Let y be ((-40)/48)/(9/(-54)). Calculate the greatest common divisor of 7 and y.
1
Let u be (0 + -28)*(-2)/4. Suppose -u = -v - 0*v. Let d be (308 - (-2 - -2))/2. Calculate the greatest common factor of d and v.
14
Suppose 1 = -o + 4. Suppose o*j = q + 262, 4*j + j = 5*q + 430. Calculate the greatest common divisor of 8 and j.
8
Suppose 98*m - 81*m = 3689. Suppose -i + 39 = 8. Calculate the greatest common divisor of i and m.
31
Suppose 4*u + x - 5*x = 108, 4*u = -3*x + 94. Let y = 123 - 118. What is the highest common divisor of u and y?
5
Let g(y) = -49*y - 478. Let i be g(-10). Calculate the greatest common divisor of 28 and i.
4
Suppose -4*n + 4*a = 236, 1 = -2*a - 9. Let r = n + 119. Suppose 0 = 5*o - 85 - r. What is the greatest common factor of o and 42?
14
Let k be (1 + -6)/((-1)/(-15)). Let a = k + 147. Calculate the highest common factor of 48 and a.
24
Let y(v) = 2*v**3 + 12*v**2 - 8*v - 18. Let t be y(-6). Let l be (3/(-5))/(1/(-5)). Suppose l*k - 7*k + 24 = 0. Calculate the greatest common factor of t and k.
6
Suppose 4*x - 7 = 3*h, 4*h + 4 = 3*h + 3*x. Let y be (-2 - -1)/(h/3). What is the highest common factor of y and 3?
3
Suppose -23 = -12*o + 49. What is the highest common divisor of 42 and o?
6
Let f = 412 - 288. Suppose -421 = -11*r - f. Let u be 2/(-8) + (-146)/(-8). Calculate the greatest common divisor of u and r.
9
Suppose -4*b + 2*b = -5*u - 123, 2*b - 3*u - 117 = 0. Suppose 175 = a - 41. What is the greatest common divisor of a and b?
54
Suppose -u - w - 6 = w, 9 = -u - 3*w. Suppose 5*v + u*j + 4*j - 97 = 0, 4*j + 29 = v. What is the greatest common factor of 231 and v?
21
Suppose 0 = 5*c + r - 72, 2*c + 8*r - 7*r = 27. What is the highest common divisor of c and 195?
15
Let h = 33 + -46. Let o = -19 + h. Let y = 117 + o. What is the greatest common factor of 34 and y?
17
Let g(t) be the second derivative of t**4/12 + 5*t**3/6 + 4*t**2 - 11*t. Let r be g(-10). Calculate the greatest common divisor of r and 29.
29
Supp